{"id":177,"date":"2017-09-06T11:30:47","date_gmt":"2017-09-06T11:30:47","guid":{"rendered":"http:\/\/viestiupseeriyhdistys.online.fi\/?page_id=177"},"modified":"2025-12-11T19:55:49","modified_gmt":"2025-12-11T17:55:49","slug":"yhteystietoja","status":"publish","type":"page","link":"https:\/\/viestiupseeriyhdistys.fi\/index.php\/yhteystietoja\/","title":{"rendered":"Yhteystiedot"},"content":{"rendered":"<h3>Yhdistyksen toimihenkil\u00f6t<\/h3>\n<p>Puheenjohtaja: Pertti Hyv\u00e4rinen<br \/>\ngsm 0400 377 359, puheenjohtaja(at)viestiupseeriyhdistys.fi<\/p>\n<p>Toiminnanjohtaja: Harri Reini<br \/>\ngsm 040 514 2497,\u00a0\u00a0 toiminnanjohtaja(at)viestiupseeriyhdistys.fi<\/p>\n<h3>Telian kerho<\/h3>\n<p>Puheenjohtaja: Anssi Siljander<br \/>\ngsm 040 302 6128, anssi-pekka.siljander(at)teliacompany.com<\/p>\n<p>Sihteeri: Jari-Matti Finnberg<br \/>\ngsm 040 302 5787, jari-matti.finnberg(at)teliacompany.com<\/p>\n<h3>Viestimies-lehden toimitus<\/h3>\n<p>P\u00e4\u00e4toimittaja: majuri Kimmo Kaipainen<br \/>\ngsm 040 722 2646, viestimies(at)viestiupseeriyhdistys.fi<\/p>\n<p>Toimitussihteeri: insin\u00f6\u00f6ri AMK Ky\u00f6sti Saarenheimo<br \/>\ntoimitussihteeri(at)viestiupseeriyhdistys.fi<\/p>\n<p>Henkil\u00f6toimittaja: majuri Outi Tuisku<br \/>\ngsm 0299 510 612, henkilotoimittaja(at)viestiupseeriyhdistys.fi<\/p>\n<p>Ilmoitushankkija: Markkinointi- ja Mainospalvelu Halminen Ky<br \/>\nJuha Halminen, gsm 050 592 2722<br \/>\njuha.halminen(at)kolumbus.fi<\/p>\n<h5>Yhdistyksen postiosoite:<\/h5>\n<p>Viestiupseeriyhdistys ry<br \/>\nP\u00e4iv\u00f6l\u00e4nrinne 7 A 1<br \/>\n04220 Kerava<\/p>\n<p><strong>Tilit:<br \/>\n<\/strong>OKOYFIHH<br \/>\nFI21 5780 5520 0177 44<br \/>\nFI68 5780 5520 0234 94 (j\u00e4senmaksut)<\/p>\n<p><strong>Viestis\u00e4\u00e4ti\u00f6n kannatusyhdistys\u00a0ry<\/strong><\/p>\n<p>Tilanhoitajankaari 14 B 36, 00790 Helsinki<\/p>\n<p>Puheenjohtaja: Reima Blomqvist,\u00a0reima.blomqvist(at)gmail.com<br \/>\nSihteeri: Kirsi Salo, kirsi.salo1(at)outlook.com<\/p>\n","protected":false},"excerpt":{"rendered":"<p>Yhdistyksen toimihenkil\u00f6t Puheenjohtaja: Pertti Hyv\u00e4rinen gsm 0400 377 359, puheenjohtaja(at)viestiupseeriyhdistys.fi Toiminnanjohtaja: Harri Reini gsm 040 514 2497,\u00a0\u00a0 toiminnanjohtaja(at)viestiupseeriyhdistys.fi Telian kerho Puheenjohtaja: Anssi Siljander gsm 040 302 6128, anssi-pekka.siljander(at)teliacompany.com Sihteeri: Jari-Matti Finnberg gsm 040&#8230;<\/p>\n","protected":false},"author":3,"featured_media":0,"parent":0,"menu_order":7,"comment_status":"closed","ping_status":"closed","template":"","meta":{"_acf_changed":false,"footnotes":""},"class_list":["post-177","page","type-page","status-publish","hentry","post"],"acf":[],"jetpack_sharing_enabled":true,"jetpack_shortlink":"https:\/\/wp.me\/P9I03o-2R","jetpack-related-posts":[{"id":271,"url":"https:\/\/viestiupseeriyhdistys.fi\/index.php\/etusivu\/soneran-kerho\/","url_meta":{"origin":177,"position":0},"title":"Telian kerho","author":"Harri Reini","date":"12.9.2017","format":false,"excerpt":"\u00a0 Kerhon tarkoituksena on Toimia yhdyssiteen\u00e4 sek\u00e4 keskin\u00e4isen tuntemuksen ja luottamuksen edist\u00e4j\u00e4n\u00e4 j\u00e4sentens\u00e4 kesken Viestiupseeriyhdistys ry:n toimintaperiaatteita noudattaen, vaalia yleisesti maanpuolustushenke\u00e4 ja maanpuolustusharrastusta, lis\u00e4t\u00e4 j\u00e4senist\u00f6ns\u00e4 keskuudessa suomalaisen turvallisuuspolitiikan ja maanpuolustuksen tuntemusta sek\u00e4 tukea j\u00e4sentens\u00e4 valmiuksia kehitt\u00e4m\u00e4ll\u00e4 erityisesti j\u00e4senten tietoja ja taitoja s\u00e4hk\u00f6isen viestinn\u00e4n ja Telia-konsernin poikkeusoloihin varautumiseen liittyvill\u00e4 alueilla. Kerho\u2026","rel":"","context":"Samankaltainen artikkeli","block_context":{"text":"Samankaltainen artikkeli","link":""},"img":{"alt_text":"","src":"","width":0,"height":0},"classes":[]},{"id":53,"url":"https:\/\/viestiupseeriyhdistys.fi\/index.php\/maanpuolustuksen-viestisaatio-sr-ja-viestisaation-kannatusyhdistys-ry\/","url_meta":{"origin":177,"position":1},"title":"MPVS sr ja VSKY ry","author":"Harri Reini","date":"27.6.2017","format":false,"excerpt":"Maanpuolustuksen Viestis\u00e4\u00e4ti\u00f6 sr Maanpuolustuksen Viestis\u00e4\u00e4ti\u00f6n (MPVS) tarkoituksena on kehitt\u00e4\u00e4 viesti-, tietotekniikka- ja tietoliikennealan maanpuolustusvalmiutta Suomessa tukemalla sit\u00e4 edist\u00e4vi\u00e4 opintoja, tutkimus- ja julkaisutoimintaa sek\u00e4 perinnety\u00f6t\u00e4. Viestitoiminnan kehitt\u00e4miseksi Maanpuolustuksen Viestis\u00e4\u00e4ti\u00f6 jakaa apurahoja sek\u00e4 varttuneille tutkijoille ett\u00e4 opiskelijoille. Rahoituksella on tarkoitus kannustaa maanpuolustuksen ja viestialan teknisen kehityksen tutkimusta ja seurantaa. T\u00e4rke\u00e4 tukimuoto on\u2026","rel":"","context":"Samankaltainen artikkeli","block_context":{"text":"Samankaltainen artikkeli","link":""},"img":{"alt_text":"","src":"","width":0,"height":0},"classes":[]},{"id":35,"url":"https:\/\/viestiupseeriyhdistys.fi\/index.php\/jaseneksi\/","url_meta":{"origin":177,"position":2},"title":"J\u00e4senyys","author":"Harri Reini","date":"26.6.2017","format":false,"excerpt":"Viestiupseeriyhdistys on viesti-, johtamisj\u00e4rjestelm\u00e4- ja s\u00e4hk\u00f6isen viestinn\u00e4n alalla toimivien ja toimineiden henkil\u00f6iden yhteinen maanpuolustusj\u00e4rjest\u00f6. Yhdistyksemme j\u00e4senyys ei edellyt\u00e4 suoritettua varusmiespalvelusta. J\u00e4seni\u00e4 yhdistyksess\u00e4mme on muun muassa Puolustusvoimista, teleyrityksist\u00e4 ja tietoturvayrityksist\u00e4 sek\u00e4 akateemisesta maailmasta. Yhdistyksen j\u00e4seneksi p\u00e4\u00e4set t\u00e4ytt\u00e4m\u00e4ll\u00e4 anomuksen, jonka yhdistyksen hallitus kokoontuessaan hyv\u00e4ksyy. Antamiasi tietoja k\u00e4ytet\u00e4\u00e4n nykyisten tietosuojas\u00e4\u00e4nn\u00f6sten mukaisesti vain j\u00e4senyyden\u2026","rel":"","context":"Samankaltainen artikkeli","block_context":{"text":"Samankaltainen artikkeli","link":""},"img":{"alt_text":"","src":"","width":0,"height":0},"classes":[]},{"id":563427,"url":"https:\/\/viestiupseeriyhdistys.fi\/index.php\/viestimies-lehden-digiversio\/","url_meta":{"origin":177,"position":3},"title":"Viestimies-lehden digiversio","author":"Harri Reini","date":"23.3.2024","format":false,"excerpt":"","rel":"","context":"Samankaltainen artikkeli","block_context":{"text":"Samankaltainen artikkeli","link":""},"img":{"alt_text":"","src":"","width":0,"height":0},"classes":[]},{"id":33,"url":"https:\/\/viestiupseeriyhdistys.fi\/index.php\/viestimies-lehti\/","url_meta":{"origin":177,"position":4},"title":"Viestimies-lehti","author":"Harri Reini","date":"26.6.2017","format":false,"excerpt":"Viestimies-lehti on Viestiupseeriyhdistys ry:n julkaisu, jonka teht\u00e4v\u00e4n\u00e4 on Edist\u00e4\u00e4 j\u00e4senist\u00f6n maanpuolustustietoutta viesti- ja johtamisj\u00e4rjestelm\u00e4alalla Tiedottaa alan koulutuksen, tekniikan, organisaatioiden ja muun toiminnan kehityksest\u00e4 sek\u00e4 Toimia Viestiupseeriyhdistys ry:n tiedotusjulkaisuna. Viestimies-lehti on ilmestynyt vuodesta 1946 alkaen nelj\u00e4 kertaa vuodessa. Lehti l\u00e4hetet\u00e4\u00e4n j\u00e4senetuna kaikille Viestiupseeriyhdistys ry:n j\u00e4senille. Lehden voi my\u00f6s tilata erikseen 35\u2026","rel":"","context":"Samankaltainen artikkeli","block_context":{"text":"Samankaltainen artikkeli","link":""},"img":{"alt_text":"","src":"","width":0,"height":0},"classes":[]},{"id":629,"url":"https:\/\/viestiupseeriyhdistys.fi\/index.php\/etusivu\/kuvagalleria\/","url_meta":{"origin":177,"position":5},"title":"Kuvagalleria","author":"Harri Reini","date":"22.11.2017","format":false,"excerpt":"Maanpuolustustapahtuma Mikkeliss\u00e4 5.12.2025 Puheenjohtaja Pertti Hyv\u00e4rinen luovuttaa VUY:n standaarin Suur-Savon Reserviupseeripiirin puheenjohtajalle Jan-Aulis Hiltuselle Toimialan edustajajina tilaisuudessa olivat Reima Blomqvist (PJ VSKY), Pertti Hyv\u00e4rinen (PJ VUY), Harri Reini (VUY) ja Eero Valkola (PJ MPVS) Viestiupseeriyhdistyksen syyskokous 26.9.2025 Riihim\u00e4ell\u00e4. Kokousosallistujat valmiina syyskokoukseen Seppo Uro p\u00e4ivitti kokousv\u00e4ke\u00e4 Riihim\u00e4en Upseerikerhon tilanteesta kokousp\u00e4iv\u00e4llisell\u00e4 Viestiupseeriyhdistys\u2026","rel":"","context":"Samankaltainen artikkeli","block_context":{"text":"Samankaltainen artikkeli","link":""},"img":{"alt_text":"","src":"https:\/\/i0.wp.com\/viestiupseeriyhdistys.fi\/wp-content\/uploads\/2026\/01\/Sami-Nurmi.jpg?resize=350%2C200&ssl=1","width":350,"height":200,"srcset":"https:\/\/i0.wp.com\/viestiupseeriyhdistys.fi\/wp-content\/uploads\/2026\/01\/Sami-Nurmi.jpg?resize=350%2C200&ssl=1 1x, https:\/\/i0.wp.com\/viestiupseeriyhdistys.fi\/wp-content\/uploads\/2026\/01\/Sami-Nurmi.jpg?resize=525%2C300&ssl=1 1.5x"},"classes":[]}],"_links":{"self":[{"href":"https:\/\/viestiupseeriyhdistys.fi\/index.php\/wp-json\/wp\/v2\/pages\/177","targetHints":{"allow":["GET"]}}],"collection":[{"href":"https:\/\/viestiupseeriyhdistys.fi\/index.php\/wp-json\/wp\/v2\/pages"}],"about":[{"href":"https:\/\/viestiupseeriyhdistys.fi\/index.php\/wp-json\/wp\/v2\/types\/page"}],"author":[{"embeddable":true,"href":"https:\/\/viestiupseeriyhdistys.fi\/index.php\/wp-json\/wp\/v2\/users\/3"}],"replies":[{"embeddable":true,"href":"https:\/\/viestiupseeriyhdistys.fi\/index.php\/wp-json\/wp\/v2\/comments?post=177"}],"version-history":[{"count":30,"href":"https:\/\/viestiupseeriyhdistys.fi\/index.php\/wp-json\/wp\/v2\/pages\/177\/revisions"}],"predecessor-version":[{"id":636187,"href":"https:\/\/viestiupseeriyhdistys.fi\/index.php\/wp-json\/wp\/v2\/pages\/177\/revisions\/636187"}],"wp:attachment":[{"href":"https:\/\/viestiupseeriyhdistys.fi\/index.php\/wp-json\/wp\/v2\/media?parent=177"}],"curies":[{"name":"wp","href":"https:\/\/api.w.org\/{rel}","templated":true}]}}